 hundreds digit of o(-4)?
1
Suppose 3*y + 5*u = 20639, 69*u - 6840 = -y + 73*u. What is the tens digit of y?
6
Suppose 62*v = 572864 - 177118. What is the hundreds digit of v?
3
Let n(z) = -3*z**3 + 3*z**2 + z. Let u be n(1). Let t be (-2)/u - -4 - 2. What is the tens digit of (t + 1 - -4) + 165?
7
Let q = -7 - -3. Let s = 916 - 1288. What is the units digit of (q/(-6))/((-4)/s)?
2
Suppose u = 3*g + 76713, -u - 5*g + 26709 = -50004. What is the hundreds digit of u?
7
Suppose -447 = 4*k + 3*m, -2*m + 108 = -k - 4*m. Let s be 400/300 - 3/((-9)/(-523)). Let h = k - s. What is the tens digit of h?
5
What is the ten thousands digit of ((-130966)/8 + 2/8)/((-13)/26)?
3
Let k(b) = 19*b**3 - 20*b**2 + 175*b - 26. What is the thousands digit of k(8)?
9
Let d be (2/8)/((-632)/160 - -4). Suppose 6*f = d*f + 3. Suppose 191 = f*a + 5*q, -4*a - 3*q = 93 - 344. What is the units digit of a?
2
Let g(a) be the second derivative of a**3/2 - 11*a**2 + a. Let h be g(6). What is the tens digit of (26/h*-4)/(6/3)?
1
Let a = 55962 - -1320. What is the tens digit of a?
8
Suppose 31*p = 52*p - 1028790. What is the ten thousands digit of p?
4
Let f = -44828 - -80580. What is the thousands digit of f?
5
Suppose 4*n - 175 = -3*g, -6*g + 91 = 2*n - g. Suppose 0 = 2*v - n - 139. What is the tens digit of v?
9
Suppose -12320 = -10*a - 18*a. Let k = a - -142. What is the units digit of k?
2
Suppose 2*g - 37 = -p + 56, -2*p = -4*g + 206. Let y = -48 + g. What is the units digit of (y - 2)/(5/(-750)) + -2?
8
Let f(y) = 17*y**2 + 134*y - 23. What is the hundreds digit of f(14)?
1
Let j = 0 - -20. Let w be (-8)/j - (-3 - 312/5). Let r = w + -34. What is the units digit of r?
1
Let n(g) = 2*g**2 - 10*g - 49. Let u be n(-3). What is the units digit of 596 + 1 + (-12)/3 + u?
2
Let j be 80*1*(2 - (-5)/(-10)). What is the hundreds digit of j/(-270) - (-7762)/9?
8
Suppose -7*m = 13*m + 3*m - 25990. What is the tens digit of m?
3
Suppose 15*h + z = 11*h + 3963, 4*z = -3*h + 2982. Suppose 108*y = 110*y - h. What is the units digit of y?
5
Suppose 5*l - 2 - 3 = 0, 3*v - 4*l + 94 = 0. Let f = v - -37. Suppose -3*h + 33 = 3*p, p - 3*h = -8*h + f. What is the units digit of p?
2
Let x(g) be the third derivative of g**7/315 - g**6/120 + g**5/15 + 5*g**2. Let c(a) be the third derivative of x(a). What is the units digit of c(3)?
2
Let d(p) = -p**3 + 6*p**2 - 5*p + 14. Let f be d(4). Let j = f + 22. What is the units digit of 32/j*1506/4?
1
Suppose -q + a + 21 = 0, 2*q - 2*a = -7*a + 21. Suppose 17*p - q*p = -448. What is the hundreds digit of p?
4
Let n = 5669 + -4229. What is the tens digit of n?
4
Let o(t) = -119*t**3 + 8*t**2 - 26*t - 118. What is the hundreds digit of o(-4)?
7
Suppose -2805 = 2*c + 3*y, -5*y - 20 = -y. Let v = c - -1984. What is the hundreds digit of v?
5
Let d be (-14)/(-14)*5*-1*-1. Suppose n = 3*h - 1369, 2*n + 6 = d*n. What is the units digit of h?
7
Let f be (1 - (-766)/(-4)) + 7/(-14). Let b = f + 627. What is the tens digit of b?
3
Suppose -19114*m = -19126*m + 225168. What is the ten thousands digit of m?
1
Let h be (-1 - 5)/(-3 + (-15 - -15)). What is the tens digit of 2/(-14) + (-16788)/(-14) + h?
0
Suppose -2*h + 1479 + 2341 = -3*y, 0 = 2*y - 8. What is the units digit of h?
6
Suppose 2*h + 13 = 19. Suppose i + 3*s + 740 = h*i, 5*s = -i + 370. What is the tens digit of (6/15)/(2/i)?
7
Let y = 55 - 41. Suppose 5 = -t + y. Suppose -136 = -z + t. What is the units digit of z?
5
Suppose -x - 1676 = -4*x + 2*a, 2*x + 3*a - 1113 = 0. Let u = -374 + x. Suppose -u = -w - 2*n, 476 = 5*w + 4*n - 414. What is the tens digit of w?
7
Let x(d) = -6*d - 12. Let q be x(-6). What is the units digit of 1/(3/4647) - (27 - q)?
6
Let l(h) = 26*h**3 - h**2 + 10*h - 10. Let c be l(1). Suppose -c*s + 19*s + 5880 = 0. What is the tens digit of s?
8
Suppose -o + 60 = 5*c - 213, 4*o = -4*c + 1012. Suppose 4*t - f + o = 815, -301 = -2*t - 3*f. What is the units digit of t?
3
What is the units digit of (75772/(-304))/(1/(-4))?
7
Let x(w) = -684*w + 88177. What is the units digit of x(0)?
7
Suppose 7*d - 4*f = 4*d, -2*d = 3*f. Suppose -1100 = -3*c + 3*s + 289, -3*c - 5*s + 1397 = d. What is the tens digit of c?
6
Let u(l) = 8*l**2 + 1377*l - 956. What is the thousands digit of u(-177)?
5
Suppose -27008 = -19*u + 39416. What is the thousands digit of u?
3
Let i = 30559 - 21649. What is the units digit of i?
0
What is the hundreds digit of 5 + 8 - (-24831 - -18)?
8
Suppose -3*d + 8698 + 16120 = 2*x, 4*x - 24814 = -3*d. What is the tens digit of d?
7
Let w = -1350 + 1004. Let h = w - -2289. What is the tens digit of h?
4
Let i(u) = -4*u + 22. Let o be i(5). Suppose -c - 2*d + 363 - 53 = 0, 1574 = 5*c + o*d. What is the units digit of c?
6
Let q = 36 + -34. Let r be ((-4 + 1)*q)/((-2)/2). Suppose -r*a = -a - 310. What is the units digit of a?
2
Suppose -350898 + 1060025 = 79*n + 94*n. What is the thousands digit of n?
4
Suppose 4*q + 159*u - 40036 = 160*u, -3*u = -4*q + 40036. What is the ten thousands digit of q?
1
Suppose -r + 5290 = 4*u, r + 5294 = -7*u + 11*u. Let f = 2736 - u. What is the tens digit of f?
1
Suppose 0*u - 5*u = 25, 5*j - 5*u = 225. What is the units digit of ((-256)/j)/(8/(-800))?
0
Let b(r) = -r**3 - 18*r**2 - 7*r - 12. Let t be -5 + 2 - 9*5/3. What is the tens digit of b(t)?
1
What is the tens digit of -596*(234/(-56) + (-87)/(-203))?
3
Suppose 4*n - 51 + 19 = -3*f, -3*f + 2 = -2*n. What is the hundreds digit of (234/n)/(52/10 - 5)?
2
Let p(v) = 3*v**3 + 84*v**2 + 20*v + 54. What is the hundreds digit of p(-27)?
7
Suppose 4*q + 57016 = -30*y + 34*y, 42750 = 3*y - q. What is the tens digit of y?
4
Let b be 4*-2 - 7581/21. Let m = 1157 + b. What is the hundreds digit of m?
7
Let c(t) = t**2 + t - 21. Let r(i) be the first derivative of -i**4/4 - 10*i**3/3 + 6*i**2 + i - 3. Let b be r(-11). What is the units digit of c(b)?
9
What is the units digit of (-1085)/(-9765) - 13754*26/(-18)?
7
Suppose 3*n - 14019 = 5586. What is the thousands digit of n?
6
Let x = -203 - -209. Suppose 3*f = 8*f - 20. What is the units digit of f + (x/(-3))/2?
3
What is the units digit of (-107182)/(-4) + 266/532?
6
Suppose -3*f - 3 = 0, -64 = -14*y + 17*y - 2*f. Let h(g) = -g + 55. Let b be h(0). Let d = b - y. What is the tens digit of d?
7
Let i(d) = 9*d**2 - 10*d - 36. Let j(u) = -2*u**2 + 2*u + 7. Let h(c) = -2*i(c) - 11*j(c). Let q be h(-5). Let k = 132 - q. What is the tens digit of k?
2
Suppose -23*m = -18*m - 65. Suppose -4*r + m*r = 1377. What is the hundreds digit of r?
1
Suppose o + 86 = 4*n + 3897, 3*o - 4*n = 11465. What is the thousands digit of o?
3
Let n = -2419 + 9363. What is the thousands digit of n?
6
Suppose -6096*y - 297927 = -6117*y. What is the ten thousands digit of y?
1
Suppose x = 4*a - a - 86, 5*a - 3*x = 146. Suppose 30*w - a*w = 814. What is the tens digit of w?
0
Let o(z) = 4*z + 54. Suppose 0 = 12*l - 21*l - 117. Let h be o(l). Suppose h*v - 396 = -5*q, 4*q = -0*q - 3*v + 321. What is the tens digit of q?
7
What is the thousands digit of 117/(-9) + 25 - -7453?
7
Let h = 375 - 212. Suppose 2*p - h = -2*z + z, 3*z = -9. Suppose -3*x - 2*l + p = -l, 4*l - 8 = 0. What is the tens digit of x?
2
Let l = -77498 - -115925. What is the ten thousands digit of l?
3
Let u(c) = c + 50. Let b be u(-29). Suppose -28*z = -b*z - 1827. What is the units digit of z?
1
Suppose -4*m + 152 = -2*r, 3*m = 3*r + 75 + 45. Suppose m - 18 = 3*d. Let f = d - -171. What is the tens digit of f?
7
Suppose 9 = -4*k - 3*s - 6, 5*s = -25. Suppose 2*y - 1271 + 489 = k. What is the hundreds digit of y?
3
Let w = -501 + 506. What is the tens digit of (-3 + 445)*w*(-2)/(-20)?
2
Let v = 806 - 799. Suppose 3*l + 2*a + 2432 = v*l, 3031 = 5*l + 2*a. What is the tens digit of l?
0
Let u = 21704 - 11791. What is the tens digit of u?
1
Let a = 46 - -118. Suppose 0 = 5*k, -4*k + a = 4*l - 5*k. What is the units digit of l?
1
Suppose 15 = 2*m - 5*m, 0 = 5*t - m - 10. Suppose 4*x + 12*y - 16*y = 28, -y = x + t. What is the units digit of x?
3
What is the tens digit of (-224)/(-84) + 702035/15?
0
Suppose -2*g + 2*v + 6080 = 0, -g - 8*v = -4*v - 3010. What is the thousands digit of g?
3
What is the hundreds digit of -3 - 405*(176/(-50))/(20/50)?
5
Let t(k) = -k**2 - 4*k + 7. Let h be t(6). Let b = h - -99. Suppo